
-6
Let c(r) = -98*r + 507. Calculate c(5).
17
Let x(m) = m**3 - m - 25. What is x(0)?
-25
Let c(q) = q**2 + 15*q + 29. Give c(-6).
-25
Let b(o) = o**3 + 2*o**2 + 7*o + 12. Give b(-3).
-18
Let t(m) = m**2 - 17*m + 9. Determine t(16).
-7
Let x(f) = -9*f + 75. Determine x(8).
3
Let z(x) = -x**2 - 42*x - 392. Give z(-15).
13
Let x(v) = 2*v**2 - 17*v - 41. Calculate x(10).
-11
Let g(v) = -3*v - 36. Determine g(-14).
6
Let r(h) = -2*h**2 + 4*h + 18. Determine r(5).
-12
Let m(n) = -n**2 - 2*n - 40. Give m(0).
-40
Let y(m) = -m**3 + 9*m**2 + m - 4. Give y(9).
5
Let k(o) = -o**2 - 4*o - 3. Give k(5).
-48
Let k(a) = a**3 - 16*a**2 + 25*a + 34. What is k(14)?
-8
Let j(w) = 2*w + 39. What is j(-18)?
3
Let j(h) = 2*h**2 - 23*h - 10. Calculate j(12).
2
Let s(h) = -h**2 - 12*h + 3. What is s(-6)?
39
Let x(f) = -f - 64. Determine x(-19).
-45
Let c(t) = -t + 17. Determine c(-10).
27
Let q(t) = t**3 - 12*t**2 + 32*t + 2. Calculate q(8).
2
Let x(o) = 6*o - 1. Determine x(-10).
-61
Let j(w) = w - 28. Calculate j(30).
2
Let a(o) = o**3 - o**2 - 4*o - 1. Calculate a(3).
5
Let p(f) = -2*f**3 - f**2 - f + 13. Calculate p(0).
13
Let z(t) = -t**3 - 5*t**2 - 2*t + 22. Give z(-4).
14
Let g(x) = x**2 - x. Calculate g(-2).
6
Let m(z) = 3*z**3 + z**2 + 4*z + 3. Give m(-1).
-3
Let o(a) = 4*a**2 + 38*a - 22. Give o(-10).
-2
Let w(p) = p**3 + 8*p**2 + 14*p + 6. Calculate w(-6).
-6
Let k(d) = 4*d**3 - 27*d**2 - 13*d - 5. Give k(7).
-47
Let c(a) = a**3 + 2*a**2 + 4*a + 1. Determine c(-2).
-7
Let g(r) = 2*r - 8. What is g(17)?
26
Let s(d) = -12*d - 213. What is s(-18)?
3
Let k(h) = h**3 + 6*h**2 + 2*h - 3. Determine k(-6).
-15
Let w(c) = c**2 + 21*c + 13. Determine w(-19).
-25
Let l(z) = -z**2 - 6. What is l(6)?
-42
Let f(q) = 55*q - 1. Give f(1).
54
Let r(q) = -2*q**2 + 5*q + 6. Determine r(3).
3
Let l(x) = x**3 - 5*x**2 + 4*x - 3. Give l(4).
-3
Let f(y) = -5*y**2 + 17*y - 6. Determine f(3).
0
Let k(u) = -u**2 + 2*u - 5. What is k(6)?
-29
Let l(o) = -o**2 + 7*o - 2. Give l(9).
-20
Let v(s) = -2*s + 19. Calculate v(7).
5
Let n(g) = -g**3 + 14*g**2 - 45*g - 11. Determine n(7).
17
Let f(c) = -3*c**3 + c**2 + c - 4. Calculate f(-3).
83
Let y(p) = p**2 + 13*p + 5. Determine y(-13).
5
Let g(f) = -f**3 + 5*f**2 + 5*f + 5. Determine g(6).
-1
Let l(r) = -2*r**2 - 5*r. What is l(-3)?
-3
Let k(u) = -u**3 - 4*u**2 + 7*u + 4. Determine k(-5).
-6
Let n(p) = 25*p + 259. Calculate n(-10).
9
Let v(t) = t**2 + 5*t - 2. Give v(-5).
-2
Let j(f) = f**2 + 6*f - 41. Give j(-10).
-1
Let u(q) = -2*q**2 + 6*q. Give u(4).
-8
Let r(s) = s**3 - 8*s**2 - 5*s + 7. What is r(9)?
43
Let q(z) = -3*z - 39. What is q(-11)?
-6
Let a(v) = -v**3 - v**2 + 4*v + 2. Calculate a(4).
-62
Let z(t) = 19*t - 31. Give z(2).
7
Let k(w) = w**3 - 29*w**2 + 155*w - 22. Determine k(22).
0
Let f(q) = 2*q**2 + 25*q + 5. Determine f(-13).
18
Let p(n) = -3*n**2 + 7*n + 32. What is p(5)?
-8
Let h(l) = 16*l - 1. What is h(0)?
-1
Let y(t) = -t**2 + 2*t + 11. Calculate y(3).
8
Let o(r) = -2*r**3 - 25*r**2 - 14*r - 18. Determine o(-12).
6
Let w(r) = -3*r + 1. Calculate w(5).
-14
Let b(g) = -4*g - 8. Determine b(7).
-36
Let b(y) = y**3 - 8*y**2 - 14*y + 41. Calculate b(9).
-4
Let z(c) = -c**3 - 14*c**2 - 13*c + 8. Determine z(-13).
8
Let z(x) = -2*x**2 + 15*x - 27. What is z(6)?
-9
Let u(n) = -n - 8. What is u(-32)?
24
Let q(o) = o - 9. Give q(6).
-3
Let m(d) = d**2 + 5*d - 5. Determine m(4).
31
Let c(z) = -4*z - 78. What is c(-13)?
-26
Let h(c) = -4*c - 26. Give h(-8).
6
Let g(z) = z**2 - z + 8. Give g(6).
38
Let g(i) = i**2 - i - 54. What is g(-7)?
2
Let p(v) = -v**3 + v**2 + 5*v - 9. Calculate p(5).
-84
Let n(t) = -4*t + 5. Determine n(3).
-7
Let n(d) = d**3 - 13*d**2 + 34*d - 134. What is n(11)?
-2
Let p(h) = -3*h**3 - 7*h**2 - 3*h + 6. Calculate p(3).
-147
Let g(z) = 6*z**3 + 16*z**2 + z + 5. What is g(-4)?
-127
Let d(l) = 11*l - 2. Determine d(1).
9
Let t(g) = g**2 - 12*g + 6. What is t(11)?
-5
Let v(b) = -b**2 - 7*b + 31. Calculate v(-10).
1
Let g(x) = x**3 - 2*x**2 - 13. What is g(0)?
-13
Let c(y) = y**2 + 5*y - 16. Determine c(0).
-16
Let q(t) = -t**2 + 6*t - 2. Give q(7).
-9
Let n(o) = -o**2 - 18*o - 19. Determine n(-13).
46
Let b(s) = s**2 - 21*s + 118. Give b(12).
10
Let d(g) = -g**3 + 12*g**2 - 13*g + 19. Determine d(11).
-3
Let c(i) = i**2 - 12*i - 4. Determine c(12).
-4
Let j(a) = -a**2 + 72*a + 1211. Calculate j(-14).
7
Let p(z) = z**3 - 5*z**2 + 6*z + 5. What is p(5)?
35
Let q(h) = h**3 - 14*h**2 + 14*h + 3. Calculate q(13).
16
Let m(z) = -2*z**3 - 22*z**2 - 5*z - 24. Determine m(-11).
31
Let j(k) = -5*k**3 - 3*k**2 - k. Give j(-2).
30
Let c(d) = -12*d**2 - 1. Determine c(1).
-13
Let x(n) = -2*n + 3. What is x(14)?
-25
Let g(i) = -i**3 - 17*i**2 - 31*i - 11. Determine g(-15).
4
Let z(o) = o**3 - 6*o**2 + 8*o - 2. What is z(3)?
-5
Let q(x) = x**3 + 15*x**2 + 34*x + 110. Determine q(-13).
6
Let y(t) = -t**3 + 5*t**2 + 30*t - 14. Determine y(-4).
10
Let v(c) = -c**2 + 17*c + 66. Give v(19).
28
Let c(l) = -4*l - 6. Calculate c(3).
-18
Let r(i) = -2*i**3 - 23*i**2 + 14*i. Determine r(-12).
-24
Let w(l) = -12*l - 2. Determine w(2).
-26
Let m(r) = -13*r + 58. Calculate m(4).
6
Let k(o) = -2*o**2 + 4*o - 1. Calculate k(-6).
-97
Let l(z) = z**2 + 4*z + 7. Calculate l(-4).
7
Let q(g) = 3*g**2 + 8*g - 5. Calculate q(-8).
123
Let v(o) = -2*o**3 - o**2 - 2*o + 3. Calculate v(2).
-21
Let v(d) = -d**2 + 5*d + 9. Give v(6).
3
Let z(a) = -17*a**2 + 5*a - 5. Determine z(1).
-17
Let v(j) = -j**3 + 9*j**2 - 8*j + 16. What is v(8)?
16
Let v(i) = -2*i**3 + 44*i**2 - 4*i + 71. Determine v(22).
-17
Let f(p) = -p**2 + 14*p - 41. Calculate f(6).
7
Let q(z) = -2*z**2 + 6*z - 1. Give q(-4).
-57
Let f(r) = r**3 - 4*r**2 - 2*r + 1. Determine f(4).
-7
Let z(w) = -w**2 - w - 4. What is z(-3)?
-10
Let g(j) = -5*j + 4. What is g(-6)?
34
Let u(w) = -12*w - 7. What is u(-4)?
41
Let i(g) = g**2 + g - 19. Calculate i(-5).
1
Let a(y) = -y**2 - 27*y - 58. Determine a(-25).
-8
Let y(l) = -l**2 + 4*l - 17. What is y(6)?
-29
Let x(w) = 2*w - 15. Determine x(16).
17
Let t(l) = -l**2 - 4*l + 5. What is t(-9)?
-40
Let n(b) = 2*b - 22. Give n(14).
6
Let f(n) = n**3 - 5*n**2 + 4*n - 1. Give f(4).
-1
Let r(b) = -b**2 + 7*b + 3. Calculate r(0).
3
Let u(n) = 10*n - 3. What is u(-2)?
-23
Let x(g) = -g**3 + 4*g**2 + 6*g + 4. What is x(5)?
9
Let t(r) = r**3 - 8*r**2 + 12*r - 14. What is t(4)?
-30
Let z(d) = -d**2 - 8*d + 39. Determine z(-11).
6
Let x(l) = 7*l - 63. Determine x(9).
0
Let w(i) = i**3 + 25*i**2 + 6*i - 6. What is w(-25)?
-156
Let f(t) = t**3 - 66*t**2 + 61*t + 267. What is f(65)?
7
Let i(p) = -p**2 - 9*p - 13. Determine i(-6).
5
Let l(h) = -10*h + 12. Give l(7).
-58
Let z(x) = 11*x**2 + 1. Determine z(-2).
45
Let v(z) = z**2 - 29*z + 53. What is v(29)?
53
Let p(w) = w**2 - w - 4. Give p(-5).
26
Let d(q) = q**3 + 60*q**2 + 119*q + 175. Determine d(-58).
1
Let y(f) = 60*f**2 - 3*f + 2. Give y(1).
59
Let j(d) = d**3 - 11*d**2 - 5*d - 14. Calculate j(12).
70
Let t(g) = g**2 + 7*g - 9. Give t(-9).
9
Let k(y) = 10*y + 5. Determine k(-1).
-5
Let w(k) = 6*k - 2. Determine w(1).
4
Let z(n) = 3*n**3 - 23*n**2 - 5*n - 19. Give z(8).
5
Let x(b) = 5*b**2 - 9*b + 3. Determine x(3).
21
Let a(c) = c**2 + 28*c + 38. Give a(-27).
11
Let m(w) = -w**2 + 15*w - 28. Give m(5).
22
Let j(v) = -15*v + 247. What is j(17)?
-8
Let o(h) = -5*h + 9. What is o(4)?
-11
Let f(u) = u + 19. Give f(-12).
7
Let h(c) = -c + 29. Determine h(16).
13
Let n(i) = i**2 + 25*i + 50. Determine n(-24).
26
Let p(t) = -t**2 - 6*t + 2. Determine p(-7).
-5
Let m(w) = 4*w**2 - 6*w - 6. Give m(-1).
4
Let t(g) = 5*g + 25. Give t(-4).
5
Let m(d) = d**2 - 13*d - 31. Determine m(18).
59
Let a(x) = 30*x + 446. What is a(-15)?
-4
Let n(v) = -v**3 + v**2 - 40. Give n(0).
-40
Let x(b) = b**3 + 7*b**2 - b - 6. Give x(-4).
46
Let u(c) = -c**3 - 17*c**2 - 28*c + 25. Determine u(-15).
-5
Let v(g) = g**3 - 2*g**2 + 8*g + 9. What is v(0)?
9
Let x(z) = z**3 - 8*z**2 + 9*z - 12. Give x(7).
2
Let j(o) = o**3 - 4*o**2 - o + 6. What is j(5)?
26
Let v(o) = -10*o - 19. Calculate v(-6).
41
Let i(b) = b**3 + 11*b**2 + 13. Calculate i(-11).
13
Let c(p) = p**3 + 19*p**2 - p - 59. Determine c(-19).
-40
Let p(i) = -i**3 + 10*i**2 - 18*i - 11. Calculate p(8).
-27
Let o(a) = -a + 10. Calculate o(-7).
17
Let y(o) = -o**2 + 44*o + 41. What